 are the prime factors of m(1)?
2, 19
Let w = 14 - -80. What are the prime factors of w?
2, 47
Suppose -2*b + b = -68. What are the prime factors of b?
2, 17
Let w(t) = -4*t**3 + 10*t**2 - 4*t - 1. Let k(a) = 5*a**3 - 11*a**2 + 5*a + 2. Let c(s) = 5*k(s) + 6*w(s). What are the prime factors of c(-3)?
19
Suppose -9 = -5*k + 4*k. Suppose 5*n = k*n - 40. What are the prime factors of n?
2, 5
Suppose -u = -5*n + 80, -n + u + 0*u = -16. Let h = n + -9. List the prime factors of h.
7
Let o(b) = 2*b - 22. Let t be o(10). Suppose 5*c = 48 - 283. What are the prime factors of t/(-6) + c/(-3)?
2
Let h = 111 + -45. List the prime factors of h.
2, 3, 11
List the prime factors of 3/6*(-472)/(-4).
59
Suppose -n - r = -5*n + 727, -725 = -4*n + 3*r. List the prime factors of n.
2, 7, 13
Let f = 4 + 9. What are the prime factors of f?
13
Let a(w) = w**2 - w. Let t be a(1). Suppose t = -3*k + 3*u, 0*k - 35 = -2*k - 5*u. Suppose -k*f + 4*l + 30 = l, 0 = l - 5. List the prime factors of f.
3
Suppose r + 16 = 2*r. Suppose -r = -4*i - 0. Suppose 0 = 4*h - 7*h + 2*v + 6, -4*h - i*v = -8. What are the prime factors of h?
2
Suppose 2*v + 4 = 20. Suppose 0*a = -3*a. Suppose a*l + 4*l - v = 0. List the prime factors of l.
2
Let x(w) = -w**2 + 10*w + 4. Let s be x(10). Suppose -s = 3*z - 10. Suppose -z - 3 = -n. List the prime factors of n.
5
Let n be ((-6)/15)/((-2)/20). Let r(d) = d**3 - 5*d**2 + 6*d - 5. What are the prime factors of r(n)?
3
Let m(i) = -1 - i + 1. Let k(q) = -10*q - 12. Let a(g) = k(g) - 12*m(g). What are the prime factors of a(10)?
2
Let b(g) = 11*g**3 + 3*g**2 - 3*g. What are the prime factors of b(2)?
2, 47
Suppose 3*v = -v. Let y(j) = j**3 + v*j**3 + 4*j**2 - 8*j + 2*j + 5 + 2. List the prime factors of y(-5).
2, 3
Let v(x) = x**2 + 7*x - 3. Let h be v(-8). Suppose -3*r = -h*r + 18. List the prime factors of r.
3
Let c = -4 - -6. What are the prime factors of ((-21)/28)/(c/(-16))?
2, 3
Let n(d) = -d**2 - 9*d + 7. Suppose -4*p - p - 40 = 0. List the prime factors of n(p).
3, 5
Let q = 4 + 3. Let t be 1*-1*(-63)/q. Let g = t + 0. List the prime factors of g.
3
List the prime factors of ((-24)/2)/(8/((-448)/12)).
2, 7
Let o(q) = 24*q - 8. List the prime factors of o(2).
2, 5
Let m be (-3)/(-1) - (7 + 0). Let i(u) = -u. What are the prime factors of i(m)?
2
Suppose -3*b + 16 = b. Suppose -b*l = -3*y + 9 + 5, 5*l = 4*y - 20. List the prime factors of y.
2, 5
Let i(p) = 5*p**3 - 8*p**2 + 8*p + 8. Let q(r) = -14*r**3 + 23*r**2 - 23*r - 23. Let u(s) = 17*i(s) + 6*q(s). List the prime factors of u(-2).
2
Let k be 4/((-8)/(-3))*2. Let n be 42/4 - 1/(-2). Suppose -2*c = -k*c + n. What are the prime factors of c?
11
Let v = -29 - -40. Suppose -3*o = -2*o - v. What are the prime factors of o?
11
Suppose -11 + 31 = 5*b - 2*y, -2*b - 5*y + 8 = 0. Let i = b + 14. What are the prime factors of i?
2, 3
Suppose 0 = -4*z + m + 165, 7 = 3*m - 2. Suppose -3*r + z = 5*h - h, 2*h = r - 4. List the prime factors of r.
2, 5
Let s(g) = 11*g + 74. What are the prime factors of s(11)?
3, 5, 13
Suppose 3*q - 8 = 4. Let h = -1 + 1. Let k = h + q. List the prime factors of k.
2
Suppose 8 = 2*x - 48. Let q = 41 - x. List the prime factors of q.
13
Suppose 6*m - 5*m = 4, -3 = 3*k + 3*m. Let h(y) = -y - 4. Let v be h(-4). Let a = v - k. What are the prime factors of a?
5
Let a = 71 - 14. What are the prime factors of a?
3, 19
Let l = 33 - 55. Let p(g) = -g**3 - 14*g**2 - 11*g + 14. Let s be p(-13). Let o = s - l. List the prime factors of o.
2, 5
Let b be (12 + -13)*(0 - 3). Suppose -5*a = 4*q + 3, -q + 2*a = -2*q - b. What are the prime factors of q?
3
Let t(q) = -q**3 - 2*q**2 + 3*q + 2. Let p be t(-3). Suppose -p*b + 5 = -7. What are the prime factors of b?
2, 3
Suppose 0 = -4*w - w + 15. Suppose -w + 19 = 4*a. Suppose -3*s + 4*d + 52 - a = 0, -48 = -3*s + 3*d. What are the prime factors of s?
2
Let b be (-8)/(-12) - (-56)/(-3). What are the prime factors of (-1 - -2) + b/(-3)?
7
Let z(r) = -3*r + 7. Let u(j) = -3*j + 7. Let d(k) = -4*u(k) + 3*z(k). What are the prime factors of d(3)?
2
Let c(f) = -f**3 - 4*f**2 - 3*f - 3. Let t be c(-3). Suppose 0*h + 2 = -2*h. What are the prime factors of (8/t)/(h/3)?
2
Suppose 4*t + 16 = 4*k, 0*k - 5*k + 28 = 3*t. Let x(v) be the second derivative of v**3/6 - v. What are the prime factors of x(k)?
5
Let j = -35 + 295. What are the prime factors of j?
2, 5, 13
Suppose 8 = -w - 3*w. Let m(y) = y**3 - 1 - y**2 + 4*y**2 + 0. List the prime factors of m(w).
3
Suppose -108 = r - 4*r. What are the prime factors of r?
2, 3
Let c(j) = j**3 - 1. Let h(d) = 7*d**3 + 2*d**2 - 2*d - 9. Let k(q) = -6*c(q) + h(q). Let t be k(-2). Let z = 8 - t. List the prime factors of z.
7
Let m(h) = -6*h**2 + 7*h + 4. Let f(c) = -c**2 + c + 1. Let q(p) = -4*f(p) + m(p). Let y be q(2). Let o(l) = -6*l - 2. What are the prime factors of o(y)?
2, 5
Let s = -96 - -277. List the prime factors of s.
181
Let n(b) = 51*b**3 - b**2. List the prime factors of n(1).
2, 5
Suppose 5*d - b - 346 = 0, -5*d - 4*b = 26 - 367. List the prime factors of d.
3, 23
Suppose 2*m + 11 + 7 = 0. What are the prime factors of m*-1*1/1?
3
Let b(l) = -22*l + 19. What are the prime factors of b(-9)?
7, 31
Let t be ((-2)/6)/((-1)/9). Let i = t - 1. What are the prime factors of i?
2
Let o = -3 - -123. List the prime factors of o.
2, 3, 5
Suppose 5*z = -0*u + u + 16, -3*z = -2*u - 4. Let m be 2/(-6) - (-26)/6. Suppose u = 4*t - m. What are the prime factors of t?
2
Suppose 4*h = -z + 32, -4*h + 40 = h - 5*z. What are the prime factors of h?
2
Suppose 5*n - 59 = -3*h, 2*n + 24 = 4*n + h. What are the prime factors of (-9)/(-6)*(-3 + n)?
3, 5
Suppose 2 = r + 9. Let y = 10 + r. Suppose -4*u = x - 7, 2*x - 53 = -y*x - 2*u. What are the prime factors of x?
11
Suppose -64 = -3*m + 59. What are the prime factors of m?
41
Let u(f) = -f**2 + 6*f + 8. Let n be 2 + (-1*12)/(-3). Let v be u(n). List the prime factors of (v*1 - 0) + -1.
7
Suppose 5*m = 415 - 90. What are the prime factors of m?
5, 13
Let k = 30 - -15. Suppose 2*b - k = -b. List the prime factors of b.
3, 5
What are the prime factors of (-2 - 38)*3/(-2)?
2, 3, 5
Suppose -5*l - 283 = -1523. What are the prime factors of l?
2, 31
Let t = -73 + 107. List the prime factors of t.
2, 17
Let x(r) = -6*r - 10. Let w(s) = -3*s + 10. Let f be w(6). List the prime factors of x(f).
2, 19
Suppose -2*i = 10*i - 1416. List the prime factors of i.
2, 59
Suppose -5*i - 2*c - 22 = -198, -2*i = 3*c - 66. What are the prime factors of i?
2, 3
Let p = -2 + 7. Suppose 0 = p*w + 2*i - 82, -w - w + 3*i + 48 = 0. What are the prime factors of w?
2, 3
Suppose 285 = 6*u - u. What are the prime factors of u?
3, 19
Let i(u) be the second derivative of 3*u**5/5 + u**3/6 + 3*u. Suppose -2*o = -5*s - o + 6, -2*o + 2 = 4*s. What are the prime factors of i(s)?
13
Suppose 0 = 4*p - p + 3*s - 3, -2*s - 6 = 0. What are the prime factors of p?
2
Suppose 3*k = -14*k + 3060. List the prime factors of k.
2, 3, 5
Suppose -2*q - q + 6 = 0. Suppose c - q = 1. Suppose z + 8 = c*z. What are the prime factors of z?
2
Let a = 14 + -6. Suppose 2*c + 3*t - 3 + 9 = 0, 4*t - 8 = 0. Let q = c + a. List the prime factors of q.
2
Suppose 0 = b + 2 - 1. Let m = 4 + b. Suppose 8*t - m*t + 3*p = 38, 30 = t - 5*p. What are the prime factors of t?
2, 5
Let q = 33 + 5. What are the prime factors of q?
2, 19
Suppose -6 = -0*g + g. Let d be (15/(-6))/(3/g). Suppose 6*u - 59 = 2*u + v, -d*u + 75 = -v. What are the prime factors of u?
2
Suppose 4*w - 345 - 169 = z, 0 = 3*w + z - 389. Let t = -74 + w. What are the prime factors of t?
5, 11
Let m = -9 + 12. Suppose m*f - 3 = 27. What are the prime factors of ((-22)/(-4))/(5/f)?
11
Let n(y) = 2*y - 6. Suppose -2*k - 1 + 3 = 0. Let x be (-1 - (2 - 7)) + k. What are the prime factors of n(x)?
2
List the prime factors of (-8)/12*6 - -44.
2, 5
Let s(x) = 65*x**3 + x**2 + x - 1. Let h be s(1). Suppose -4*l = -5*t - h, -4*l = l - 20. Let p = t + 23. What are the prime factors of p?
13
What are the prime factors of -6*((-52)/8 + -1)?
3, 5
Let m(j) = 68*j - 2. List the prime factors of m(1).
2, 3, 11
List the prime factors of ((-3 - -84)*-1)/(-1).
3
Let h = -40 - -77. List the prime factors of h.
37
Suppose -4*f = f. Suppose u + 3*u = 12. Suppose u*j - 2*d - 7 = f, 0 =